{"id":4049,"date":"2025-04-22T09:22:18","date_gmt":"2025-04-22T07:22:18","guid":{"rendered":"https:\/\/puche.webvolution.es\/politica-de-accesibilidad\/"},"modified":"2025-04-22T09:22:18","modified_gmt":"2025-04-22T07:22:18","slug":"politica-de-accesibilidad","status":"publish","type":"page","link":"https:\/\/restaurantepuche.com\/en\/politica-de-accesibilidad\/","title":{"rendered":"POL\u00cdTICA DE ACCESIBILIDAD"},"content":{"rendered":"<p>ACCESIBILIDAD<\/p>\n<p><strong>Pol\u00edtica de accesibilidad<\/strong><\/p>\n<p>La empresa Restaurante Puche se ha comprometido a hacer accesible su sitio web de conformidad con el Real Decreto 1112\/2018, de 7 de septiembre, sobre accesibilidad de los sitios web y aplicaciones para dispositivos m\u00f3viles del sector p\u00fablico, o desarrollos financiados desde Europa.<\/p>\n<p>La presente declaraci\u00f3n de accesibilidad se aplica al sitio web\u00a0<a href=\"https:\/\/restaurantepuche.com\/en\/\">https:\/\/restaurantepuche.com\/<\/a> excluyendo los contenidos incrustados provenientes de otros dominios.<\/p>\n<p><strong>Situaci\u00f3n de cumplimiento<\/strong><\/p>\n<p>Este sitio web es Parcialmente conforme con el RD 1112\/2018 debido a la falta de conformidad de los aspectos que se indican a continuaci\u00f3n.<\/p>\n<p><strong>Contenido no accesible<\/strong><\/p>\n<p>El contenido que se recoge a continuaci\u00f3n no es accesible por los siguientes motivos:<\/p>\n<ul>\n<li>Falta de conformidad:\n<ul>\n<li>Pueden existir algunas im\u00e1genes cuya alternativa no est\u00e9 implementada o no sea correcta \u2013 Requisito 9.1.1.1 Contenido no textual UNE-EN 301549:2022<\/li>\n<li>Puede existir elementos de encabezado incorrectamente implementados, o cuyo orden l\u00f3gico no sea el correcto &#8211; Requisito n\u00famero 9.1.3.1 Informaci\u00f3n y relaciones de UNE-EN 301549:2022<\/li>\n<li>Puede haber elementos cuyo contraste no sea el suficiente en algunas p\u00e1ginas \u2013 Requisito 9.1.4.3 Contraste UNE-EN 301549:2020<\/li>\n<li>La web no ofrece un sistema de navegaci\u00f3n alternativo al men\u00fa \u2013 Requisito n\u00famero 9.2.4.5 M\u00faltiples V\u00edas de UNE-EN 301549:2022<\/li>\n<li>Pueden existir encabezados que no sean claros o breves, o que no deber\u00edan ser encabezados \u2013 Requisito n\u00famero 9.2.4.6 Encabezados y etiquetas de UNE-EN 301549:2022<\/li>\n<li>Podr\u00edan existir fallos puntuales de edici\u00f3n en alguna p\u00e1gina web.<\/li>\n<\/ul>\n<\/li>\n<li>Carga desproporcionada: No resulta aplicable.<\/li>\n<li>El contenido no entra dentro del \u00e1mbito de la legislaci\u00f3n aplicable.<\/li>\n<\/ul>\n<p>Podr\u00edan existir archivos ofim\u00e1ticos en PDF u otros formatos publicados antes del 20 de septiembre de 2018 que no cumplan en su totalidad todos los requisitos de accesibilidad.<br \/>\nPuede haber contenidos de terceros que no est\u00e9n desarrollados en esta Unidad, ni bajo su control, como archivos ofim\u00e1ticos de diferentes organismos que deban publicarse en este sitio.<\/p>\n<p>&nbsp;<\/p>\n<p>&nbsp;<\/p>\n<p>&nbsp;<\/p>\n<p>&nbsp;<\/p>\n<p><strong>Preparaci\u00f3n de la presente declaraci\u00f3n de accesibilidad<\/strong><\/p>\n<p>La presente declaraci\u00f3n fue preparada el 21\/04\/2025.<\/p>\n<p>El m\u00e9todo empleado para preparar la declaraci\u00f3n ha sido una autoevaluaci\u00f3n externa llevada a cabo por la empresa <a href=\"https:\/\/www.tuwebaccesible.es\/\">Tu Web Accesible<\/a>.<\/p>\n<p>\u00daltima revisi\u00f3n de la declaraci\u00f3n: 21\/04\/2025.<\/p>\n<p>&nbsp;<\/p>\n<p><strong>Observaciones y datos de contacto<\/strong><\/p>\n<p>Puede realizar comunicaciones sobre requisitos de accesibilidad [art\u00edculo 10.2.a) del RD 1112\/2018] como, por ejemplo:<\/p>\n<ul>\n<li>Informar sobre cualquier posible incumplimiento por parte de este sitio web.<\/li>\n<li>Transmitir otras dificultades de acceso al contenido.<\/li>\n<li>Formular cualquier otra consulta o sugerencia de mejora relativa a la accesibilidad del sitio web llamando al <strong>tel\u00e9fono 872 03 03 20.<\/strong><\/li>\n<\/ul>\n<p>Puede presentar:<\/p>\n<ul>\n<li>Una queja relativa al cumplimiento de los requisitos del RD 1112\/2018<\/li>\n<li>Una solicitud de informaci\u00f3n accesible relativa a:\n<ul>\n<li>Contenidos que est\u00e1n excluidos del \u00e1mbito de aplicaci\u00f3n del RD 1112\/2018 seg\u00fan lo establecido por el art\u00edculo 3, apartado 4.<\/li>\n<li>Contenidos que est\u00e1n exentos del cumplimiento de los requisitos de accesibilidad por imponer una carga desproporcionada.<\/li>\n<\/ul>\n<\/li>\n<\/ul>\n<p>En la solicitud de informaci\u00f3n accesible, se debe concretar, con toda claridad, los hechos, razones y petici\u00f3n que permitan constatar que se trata de una solicitud razonable y leg\u00edtima.<\/p>\n","protected":false},"excerpt":{"rendered":"<p>ACCESIBILIDAD Pol\u00edtica de accesibilidad La empresa Restaurante Puche se ha  [&#8230;]<\/p>\n","protected":false},"author":2,"featured_media":0,"parent":0,"menu_order":300,"comment_status":"closed","ping_status":"closed","template":"","meta":{"footnotes":""},"class_list":["post-4049","page","type-page","status-publish","hentry"],"yoast_head":"<!-- This site is optimized with the Yoast SEO plugin v27.5 - https:\/\/yoast.com\/product\/yoast-seo-wordpress\/ -->\n<title>POL\u00cdTICA DE ACCESIBILIDAD - Restaurante PUCHE<\/title>\n<meta name=\"robots\" content=\"index, follow, max-snippet:-1, max-image-preview:large, max-video-preview:-1\" \/>\n<link rel=\"canonical\" href=\"https:\/\/restaurantepuche.com\/en\/politica-de-accesibilidad\/\" \/>\n<meta property=\"og:locale\" content=\"en_US\" \/>\n<meta property=\"og:type\" content=\"article\" \/>\n<meta property=\"og:title\" content=\"POL\u00cdTICA DE ACCESIBILIDAD - Restaurante PUCHE\" \/>\n<meta property=\"og:description\" content=\"ACCESIBILIDAD Pol\u00edtica de accesibilidad La empresa Restaurante Puche se ha [...]\" \/>\n<meta property=\"og:url\" content=\"https:\/\/restaurantepuche.com\/en\/politica-de-accesibilidad\/\" \/>\n<meta property=\"og:site_name\" content=\"Restaurante PUCHE\" \/>\n<meta name=\"twitter:card\" content=\"summary_large_image\" \/>\n<meta name=\"twitter:label1\" content=\"Est. reading time\" \/>\n\t<meta name=\"twitter:data1\" content=\"3 minutes\" \/>\n<script type=\"application\/ld+json\" class=\"yoast-schema-graph\">{\"@context\":\"https:\\\/\\\/schema.org\",\"@graph\":[{\"@type\":\"WebPage\",\"@id\":\"https:\\\/\\\/restaurantepuche.com\\\/en\\\/politica-de-accesibilidad\\\/\",\"url\":\"https:\\\/\\\/restaurantepuche.com\\\/en\\\/politica-de-accesibilidad\\\/\",\"name\":\"POL\u00cdTICA DE ACCESIBILIDAD - Restaurante PUCHE\",\"isPartOf\":{\"@id\":\"https:\\\/\\\/restaurantepuche.com\\\/en\\\/#website\"},\"datePublished\":\"2025-04-22T07:22:18+00:00\",\"breadcrumb\":{\"@id\":\"https:\\\/\\\/restaurantepuche.com\\\/en\\\/politica-de-accesibilidad\\\/#breadcrumb\"},\"inLanguage\":\"en-US\",\"potentialAction\":[{\"@type\":\"ReadAction\",\"target\":[\"https:\\\/\\\/restaurantepuche.com\\\/en\\\/politica-de-accesibilidad\\\/\"]}]},{\"@type\":\"BreadcrumbList\",\"@id\":\"https:\\\/\\\/restaurantepuche.com\\\/en\\\/politica-de-accesibilidad\\\/#breadcrumb\",\"itemListElement\":[{\"@type\":\"ListItem\",\"position\":1,\"name\":\"Portada\",\"item\":\"https:\\\/\\\/restaurantepuche.com\\\/en\\\/\"},{\"@type\":\"ListItem\",\"position\":2,\"name\":\"POL\u00cdTICA DE ACCESIBILIDAD\"}]},{\"@type\":\"WebSite\",\"@id\":\"https:\\\/\\\/restaurantepuche.com\\\/en\\\/#website\",\"url\":\"https:\\\/\\\/restaurantepuche.com\\\/en\\\/\",\"name\":\"Restaurante PUCHE\",\"description\":\"\u00a1Tu restaurante en Palam\u00f3s!\",\"potentialAction\":[{\"@type\":\"SearchAction\",\"target\":{\"@type\":\"EntryPoint\",\"urlTemplate\":\"https:\\\/\\\/restaurantepuche.com\\\/en\\\/?s={search_term_string}\"},\"query-input\":{\"@type\":\"PropertyValueSpecification\",\"valueRequired\":true,\"valueName\":\"search_term_string\"}}],\"inLanguage\":\"en-US\"}]}<\/script>\n<!-- \/ Yoast SEO plugin. -->","yoast_head_json":{"title":"POL\u00cdTICA DE ACCESIBILIDAD - Restaurante PUCHE","robots":{"index":"index","follow":"follow","max-snippet":"max-snippet:-1","max-image-preview":"max-image-preview:large","max-video-preview":"max-video-preview:-1"},"canonical":"https:\/\/restaurantepuche.com\/en\/politica-de-accesibilidad\/","og_locale":"en_US","og_type":"article","og_title":"POL\u00cdTICA DE ACCESIBILIDAD - Restaurante PUCHE","og_description":"ACCESIBILIDAD Pol\u00edtica de accesibilidad La empresa Restaurante Puche se ha [...]","og_url":"https:\/\/restaurantepuche.com\/en\/politica-de-accesibilidad\/","og_site_name":"Restaurante PUCHE","twitter_card":"summary_large_image","twitter_misc":{"Est. reading time":"3 minutes"},"schema":{"@context":"https:\/\/schema.org","@graph":[{"@type":"WebPage","@id":"https:\/\/restaurantepuche.com\/en\/politica-de-accesibilidad\/","url":"https:\/\/restaurantepuche.com\/en\/politica-de-accesibilidad\/","name":"POL\u00cdTICA DE ACCESIBILIDAD - Restaurante PUCHE","isPartOf":{"@id":"https:\/\/restaurantepuche.com\/en\/#website"},"datePublished":"2025-04-22T07:22:18+00:00","breadcrumb":{"@id":"https:\/\/restaurantepuche.com\/en\/politica-de-accesibilidad\/#breadcrumb"},"inLanguage":"en-US","potentialAction":[{"@type":"ReadAction","target":["https:\/\/restaurantepuche.com\/en\/politica-de-accesibilidad\/"]}]},{"@type":"BreadcrumbList","@id":"https:\/\/restaurantepuche.com\/en\/politica-de-accesibilidad\/#breadcrumb","itemListElement":[{"@type":"ListItem","position":1,"name":"Portada","item":"https:\/\/restaurantepuche.com\/en\/"},{"@type":"ListItem","position":2,"name":"POL\u00cdTICA DE ACCESIBILIDAD"}]},{"@type":"WebSite","@id":"https:\/\/restaurantepuche.com\/en\/#website","url":"https:\/\/restaurantepuche.com\/en\/","name":"Restaurante PUCHE","description":"\u00a1Tu restaurante en Palam\u00f3s!","potentialAction":[{"@type":"SearchAction","target":{"@type":"EntryPoint","urlTemplate":"https:\/\/restaurantepuche.com\/en\/?s={search_term_string}"},"query-input":{"@type":"PropertyValueSpecification","valueRequired":true,"valueName":"search_term_string"}}],"inLanguage":"en-US"}]}},"_links":{"self":[{"href":"https:\/\/restaurantepuche.com\/en\/wp-json\/wp\/v2\/pages\/4049","targetHints":{"allow":["GET"]}}],"collection":[{"href":"https:\/\/restaurantepuche.com\/en\/wp-json\/wp\/v2\/pages"}],"about":[{"href":"https:\/\/restaurantepuche.com\/en\/wp-json\/wp\/v2\/types\/page"}],"author":[{"embeddable":true,"href":"https:\/\/restaurantepuche.com\/en\/wp-json\/wp\/v2\/users\/2"}],"replies":[{"embeddable":true,"href":"https:\/\/restaurantepuche.com\/en\/wp-json\/wp\/v2\/comments?post=4049"}],"version-history":[{"count":0,"href":"https:\/\/restaurantepuche.com\/en\/wp-json\/wp\/v2\/pages\/4049\/revisions"}],"wp:attachment":[{"href":"https:\/\/restaurantepuche.com\/en\/wp-json\/wp\/v2\/media?parent=4049"}],"curies":[{"name":"wp","href":"https:\/\/api.w.org\/{rel}","templated":true}]}}

POLÍTICA DE ACCESIBILIDAD

<p>ACCESIBILIDAD</p>
<p><strong>Política de accesibilidad</strong></p>
<p>La empresa Restaurante Puche se ha comprometido a hacer accesible su sitio web de conformidad con el Real Decreto 1112/2018, de 7 de septiembre, sobre accesibilidad de los sitios web y aplicaciones para dispositivos móviles del sector público, o desarrollos financiados desde Europa.</p>
<p>La presente declaración de accesibilidad se aplica al sitio web <a href="https://restaurantepuche.com/en/">https://restaurantepuche.com/</a> excluyendo los contenidos incrustados provenientes de otros dominios.</p>
<p><strong>Situación de cumplimiento</strong></p>
<p>Este sitio web es Parcialmente conforme con el RD 1112/2018 debido a la falta de conformidad de los aspectos que se indican a continuación.</p>
<p><strong>Contenido no accesible</strong></p>
<p>El contenido que se recoge a continuación no es accesible por los siguientes motivos:</p>
<ul>
<li>Falta de conformidad:
<ul>
<li>Pueden existir algunas imágenes cuya alternativa no esté implementada o no sea correcta – Requisito 9.1.1.1 Contenido no textual UNE-EN 301549:2022</li>
<li>Puede existir elementos de encabezado incorrectamente implementados, o cuyo orden lógico no sea el correcto &#8211; Requisito número 9.1.3.1 Información y relaciones de UNE-EN 301549:2022</li>
<li>Puede haber elementos cuyo contraste no sea el suficiente en algunas páginas – Requisito 9.1.4.3 Contraste UNE-EN 301549:2020</li>
<li>La web no ofrece un sistema de navegación alternativo al menú – Requisito número 9.2.4.5 Múltiples Vías de UNE-EN 301549:2022</li>
<li>Pueden existir encabezados que no sean claros o breves, o que no deberían ser encabezados – Requisito número 9.2.4.6 Encabezados y etiquetas de UNE-EN 301549:2022</li>
<li>Podrían existir fallos puntuales de edición en alguna página web.</li>
</ul>
</li>
<li>Carga desproporcionada: No resulta aplicable.</li>
<li>El contenido no entra dentro del ámbito de la legislación aplicable.</li>
</ul>
<p>Podrían existir archivos ofimáticos en PDF u otros formatos publicados antes del 20 de septiembre de 2018 que no cumplan en su totalidad todos los requisitos de accesibilidad.<br />
Puede haber contenidos de terceros que no estén desarrollados en esta Unidad, ni bajo su control, como archivos ofimáticos de diferentes organismos que deban publicarse en este sitio.</p>
<p>&nbsp;</p>
<p>&nbsp;</p>
<p>&nbsp;</p>
<p>&nbsp;</p>
<p><strong>Preparación de la presente declaración de accesibilidad</strong></p>
<p>La presente declaración fue preparada el 21/04/2025.</p>
<p>El método empleado para preparar la declaración ha sido una autoevaluación externa llevada a cabo por la empresa <a href="https://www.tuwebaccesible.es/">Tu Web Accesible</a>.</p>
<p>Última revisión de la declaración: 21/04/2025.</p>
<p>&nbsp;</p>
<p><strong>Observaciones y datos de contacto</strong></p>
<p>Puede realizar comunicaciones sobre requisitos de accesibilidad [artículo 10.2.a) del RD 1112/2018] como, por ejemplo:</p>
<ul>
<li>Informar sobre cualquier posible incumplimiento por parte de este sitio web.</li>
<li>Transmitir otras dificultades de acceso al contenido.</li>
<li>Formular cualquier otra consulta o sugerencia de mejora relativa a la accesibilidad del sitio web llamando al <strong>teléfono 872 03 03 20.</strong></li>
</ul>
<p>Puede presentar:</p>
<ul>
<li>Una queja relativa al cumplimiento de los requisitos del RD 1112/2018</li>
<li>Una solicitud de información accesible relativa a:
<ul>
<li>Contenidos que están excluidos del ámbito de aplicación del RD 1112/2018 según lo establecido por el artículo 3, apartado 4.</li>
<li>Contenidos que están exentos del cumplimiento de los requisitos de accesibilidad por imponer una carga desproporcionada.</li>
</ul>
</li>
</ul>
<p>En la solicitud de información accesible, se debe concretar, con toda claridad, los hechos, razones y petición que permitan constatar que se trata de una solicitud razonable y legítima.</p>

<p>ACCESIBILIDAD Política de accesibilidad La empresa Restaurante Puche se ha  [&#8230;]</p>

<!-- This site is optimized with the Yoast SEO plugin v27.5 - https://yoast.com/product/yoast-seo-wordpress/ -->
<title>POLÍTICA DE ACCESIBILIDAD - Restaurante PUCHE</title>
<meta name="robots" content="index, follow, max-snippet:-1, max-image-preview:large, max-video-preview:-1" />
<link rel="canonical" href="https://restaurantepuche.com/en/politica-de-accesibilidad/" />
<meta property="og:locale" content="en_US" />
<meta property="og:type" content="article" />
<meta property="og:title" content="POLÍTICA DE ACCESIBILIDAD - Restaurante PUCHE" />
<meta property="og:description" content="ACCESIBILIDAD Política de accesibilidad La empresa Restaurante Puche se ha [...]" />
<meta property="og:url" content="https://restaurantepuche.com/en/politica-de-accesibilidad/" />
<meta property="og:site_name" content="Restaurante PUCHE" />
<meta name="twitter:card" content="summary_large_image" />
<meta name="twitter:label1" content="Est. reading time" />
	<meta name="twitter:data1" content="3 minutes" />
<script type="application/ld+json" class="yoast-schema-graph">{"@context":"https:\/\/schema.org","@graph":[{"@type":"WebPage","@id":"https:\/\/restaurantepuche.com\/en\/politica-de-accesibilidad\/","url":"https:\/\/restaurantepuche.com\/en\/politica-de-accesibilidad\/","name":"POLÍTICA DE ACCESIBILIDAD - Restaurante PUCHE","isPartOf":{"@id":"https:\/\/restaurantepuche.com\/en\/#website"},"datePublished":"2025-04-22T07:22:18+00:00","breadcrumb":{"@id":"https:\/\/restaurantepuche.com\/en\/politica-de-accesibilidad\/#breadcrumb"},"inLanguage":"en-US","potentialAction":[{"@type":"ReadAction","target":["https:\/\/restaurantepuche.com\/en\/politica-de-accesibilidad\/"]}]},{"@type":"BreadcrumbList","@id":"https:\/\/restaurantepuche.com\/en\/politica-de-accesibilidad\/#breadcrumb","itemListElement":[{"@type":"ListItem","position":1,"name":"Portada","item":"https:\/\/restaurantepuche.com\/en\/"},{"@type":"ListItem","position":2,"name":"POLÍTICA DE ACCESIBILIDAD"}]},{"@type":"WebSite","@id":"https:\/\/restaurantepuche.com\/en\/#website","url":"https:\/\/restaurantepuche.com\/en\/","name":"Restaurante PUCHE","description":"¡Tu restaurante en Palamós!","potentialAction":[{"@type":"SearchAction","target":{"@type":"EntryPoint","urlTemplate":"https:\/\/restaurantepuche.com\/en\/?s={search_term_string}"},"query-input":{"@type":"PropertyValueSpecification","valueRequired":true,"valueName":"search_term_string"}}],"inLanguage":"en-US"}]}</script>
<!-- / Yoast SEO plugin. -->

POLÍTICA DE ACCESIBILIDAD - Restaurante PUCHE

ACCESIBILIDAD Política de accesibilidad La empresa Restaurante Puche se ha [...]

¡Tu restaurante en Palamós!
